{"id":1274,"date":"2023-06-23T17:23:10","date_gmt":"2023-06-23T17:23:10","guid":{"rendered":"https:\/\/rococoalternativo.com\/?page_id=1274"},"modified":"2023-09-05T19:24:36","modified_gmt":"2023-09-05T19:24:36","slug":"politica-de-envio","status":"publish","type":"page","link":"https:\/\/rococoalternativo.com\/index.php\/politica-de-envio\/","title":{"rendered":"Pol\u00edtica de env\u00edo"},"content":{"rendered":"<style>\/*! elementor - v3.15.0 - 20-08-2023 *\/\n.elementor-heading-title{padding:0;margin:0;line-height:1}.elementor-widget-heading .elementor-heading-title[class*=elementor-size-]>a{color:inherit;font-size:inherit;line-height:inherit}.elementor-widget-heading .elementor-heading-title.elementor-size-small{font-size:15px}.elementor-widget-heading .elementor-heading-title.elementor-size-medium{font-size:19px}.elementor-widget-heading .elementor-heading-title.elementor-size-large{font-size:29px}.elementor-widget-heading .elementor-heading-title.elementor-size-xl{font-size:39px}.elementor-widget-heading .elementor-heading-title.elementor-size-xxl{font-size:59px}<\/style>\n<h2>POL\u00cdTICA DE ENVIOS<\/h2>\n<style>\/*! elementor - v3.15.0 - 20-08-2023 *\/\n.elementor-column .elementor-spacer-inner{height:var(--spacer-size)}.e-con{--container-widget-width:100%}.e-con-inner>.elementor-widget-spacer,.e-con>.elementor-widget-spacer{width:var(--container-widget-width,var(--spacer-size));--align-self:var(--container-widget-align-self,initial);--flex-shrink:0}.e-con-inner>.elementor-widget-spacer>.elementor-widget-container,.e-con-inner>.elementor-widget-spacer>.elementor-widget-container>.elementor-spacer,.e-con>.elementor-widget-spacer>.elementor-widget-container,.e-con>.elementor-widget-spacer>.elementor-widget-container>.elementor-spacer{height:100%}.e-con-inner>.elementor-widget-spacer>.elementor-widget-container>.elementor-spacer>.elementor-spacer-inner,.e-con>.elementor-widget-spacer>.elementor-widget-container>.elementor-spacer>.elementor-spacer-inner{height:var(--container-widget-height,var(--spacer-size))}<\/style>\n<p>La mayor\u00eda de nuestros productos se fabrican a pedido para lograr un mejor aprovechamiento de nuestras materias primas y para minimizar el desperdicio, por tal motivo todos los productos tienen un tiempo de producci\u00f3n de 3 hasta 5 d\u00edas h\u00e1biles. Una vez est\u00e9 listo, estaremos programando el env\u00edo y haciendo la entrega de tu compra a la transportadora encargada de llevar tu pedido hasta la direcci\u00f3n de registro.<\/p>\n<p>El env\u00edo de los productos se har\u00e1 a trav\u00e9s de paqueter\u00eda o mensajer\u00eda privada a la direcci\u00f3n indicada por el usuario. Se entiende que cualquier persona que se encuentre en el domicilio donde se debe realizar la entrega, se encuentra debidamente autorizado por el cliente para recibir su pedido, por lo que Rococo queda exonerado de cualquier responsabilidad al momento de la entrega, siempre y cuando la misma se haga en el domicilio registrado al momento de la compra en el sitio web.<\/p>\n<p>La empresa transportadora tendr\u00e1 la obligaci\u00f3n de hacer m\u00e1ximo tres (3) intentos de entrega de los productos adquiridos. En caso de que los intentos de entrega resulten infructuosos, retornar\u00e1n los bienes a la f\u00e1brica y se proceder\u00e1 a comunicarse con el comprador para coordinar un nuevo env\u00edo cuyos gastos deber\u00e1n ser asumidos por el usuario.<\/p>\n","protected":false},"excerpt":{"rendered":"<p>POL\u00cdTICA DE ENVIOS La mayor\u00eda de nuestros productos se fabrican a pedido para lograr un mejor aprovechamiento de nuestras materias primas y [&hellip;]<\/p>\n","protected":false},"author":1,"featured_media":0,"parent":0,"menu_order":0,"comment_status":"closed","ping_status":"closed","template":"elementor_header_footer","meta":{"_joinchat":[],"footnotes":""},"class_list":["post-1274","page","type-page","status-publish","hentry"],"_links":{"self":[{"href":"https:\/\/rococoalternativo.com\/index.php\/wp-json\/wp\/v2\/pages\/1274"}],"collection":[{"href":"https:\/\/rococoalternativo.com\/index.php\/wp-json\/wp\/v2\/pages"}],"about":[{"href":"https:\/\/rococoalternativo.com\/index.php\/wp-json\/wp\/v2\/types\/page"}],"author":[{"embeddable":true,"href":"https:\/\/rococoalternativo.com\/index.php\/wp-json\/wp\/v2\/users\/1"}],"replies":[{"embeddable":true,"href":"https:\/\/rococoalternativo.com\/index.php\/wp-json\/wp\/v2\/comments?post=1274"}],"version-history":[{"count":14,"href":"https:\/\/rococoalternativo.com\/index.php\/wp-json\/wp\/v2\/pages\/1274\/revisions"}],"predecessor-version":[{"id":2309,"href":"https:\/\/rococoalternativo.com\/index.php\/wp-json\/wp\/v2\/pages\/1274\/revisions\/2309"}],"wp:attachment":[{"href":"https:\/\/rococoalternativo.com\/index.php\/wp-json\/wp\/v2\/media?parent=1274"}],"curies":[{"name":"wp","href":"https:\/\/api.w.org\/{rel}","templated":true}]}}